
True
Is 2782195817 a composite number?
False
Is 4652080801 prime?
True
Is 144877652957 prime?
True
Is 119435737 composite?
False
Is 391787741 composite?
False
Is 6357164113 composite?
True
Is 300844903 prime?
False
Is 1669144773 prime?
False
Is 253618511 a composite number?
False
Is 816932554 composite?
True
Is 310605193453 a composite number?
False
Is 11031968011 a prime number?
True
Is 673155709 prime?
False
Is 7458884077 a prime number?
True
Is 7962499841 a prime number?
False
Is 1037015159 a composite number?
False
Is 46296145499 a prime number?
False
Is 14569221389 composite?
False
Is 103953718383 a prime number?
False
Is 26987988349 composite?
True
Is 587535787 composite?
False
Is 2085948299 a prime number?
True
Is 3133870379 a prime number?
True
Is 3505812077 a composite number?
False
Is 10045670182 composite?
True
Is 46174349503 a composite number?
False
Is 171785464859 a composite number?
True
Is 1293437267 a composite number?
True
Is 116515638607 composite?
False
Is 17490827671 a composite number?
False
Is 152089657 prime?
False
Is 52244941699 a composite number?
True
Is 13732872547 a composite number?
True
Is 9271136191 a composite number?
True
Is 9715654519 a composite number?
False
Is 38413416823 composite?
True
Is 26032094113 composite?
True
Is 505569721 composite?
False
Is 228840388873 prime?
True
Is 3786775969 prime?
False
Is 3954590971 composite?
True
Is 7652943181 a prime number?
False
Is 276270515 composite?
True
Is 95850773 prime?
True
Is 92424985391 prime?
True
Is 15016327351 a composite number?
False
Is 1519529587 a prime number?
True
Is 911000459 a prime number?
True
Is 252836099 composite?
False
Is 2378061053 composite?
True
Is 25109798699 composite?
False
Is 4339108879 prime?
False
Is 111341974427 a prime number?
True
Is 2670158927 prime?
False
Is 165821807 a composite number?
True
Is 77781110851 composite?
False
Is 5536183403 a composite number?
True
Is 1209160813 a prime number?
False
Is 11627554337 prime?
False
Is 1882963837 a prime number?
True
Is 720399103 a prime number?
False
Is 3196043249 a composite number?
True
Is 74328997 prime?
True
Is 1549964645 prime?
False
Is 30766489487 a prime number?
False
Is 750461263 a prime number?
False
Is 113477503 composite?
True
Is 5736339731 a prime number?
False
Is 802768261 prime?
True
Is 1353541769 a prime number?
True
Is 1850751293 prime?
False
Is 3386045293 a prime number?
True
Is 1254063079 composite?
False
Is 230933843 a composite number?
True
Is 247045531 prime?
True
Is 2955449593 a composite number?
True
Is 25464515347 a composite number?
False
Is 323072677 prime?
False
Is 671055041 a composite number?
True
Is 39643501 prime?
True
Is 38848642523 composite?
True
Is 9000911 a prime number?
False
Is 181986702739 a composite number?
True
Is 1858261753 a composite number?
False
Is 11296739929 a prime number?
False
Is 4225013423 a prime number?
False
Is 3055154633 composite?
True
Is 3866175611 a composite number?
True
Is 174913769 composite?
True
Is 1431794171 a composite number?
False
Is 3549712631 composite?
False
Is 4801024631 composite?
True
Is 1521191806 prime?
False
Is 59956619 composite?
True
Is 7205047769 a composite number?
True
Is 60404627 composite?
False
Is 4041044611 a prime number?
True
Is 12368053123 composite?
False
Is 5800433339 prime?
False
Is 1448643953 prime?
True
Is 89442635179 prime?
True
Is 1147231189 a prime number?
False
Is 574865087 a prime number?
True
Is 19816042601 prime?
False
Is 447102767 a prime number?
False
Is 3783914039 a prime number?
False
Is 6758196231 prime?
False
Is 4349808901 a prime number?
True
Is 629409247 a composite number?
False
Is 2714570371 a composite number?
True
Is 299703721 a prime number?
False
Is 165927549 a composite number?
True
Is 46805627051 a prime number?
True
Is 281696957 prime?
False
Is 3661324239 a composite number?
True
Is 11834575009 a composite number?
False
Is 7507035637 prime?
True
Is 255687920119 a prime number?
True
Is 19153137251 prime?
True
Is 11962603363 prime?
True
Is 23707103 prime?
False
Is 5761728506 a prime number?
False
Is 102339679723 a prime number?
True
Is 11044582889 prime?
True
Is 71450569927 a prime number?
False
Is 644813509 composite?
True
Is 242126029 composite?
True
Is 1197423613 prime?
True
Is 294332149 a prime number?
True
Is 68414109683 prime?
True
Is 827368307 a composite number?
True
Is 45950458507 composite?
False
Is 2129348503 prime?
True
Is 1181378815 prime?
False
Is 35982396547 a composite number?
False
Is 82507606361 prime?
True
Is 472709749 a composite number?
True
Is 27270422939 a composite number?
False
Is 2315004617 prime?
True
Is 640196677 composite?
False
Is 21101592035 composite?
True
Is 12676957289 composite?
True
Is 11099596241 prime?
False
Is 50224740541 a composite number?
False
Is 2232997199 a prime number?
True
Is 13975498685 composite?
True
Is 4241247821 a prime number?
True
Is 81259534327 a composite number?
True
Is 43734278911 prime?
False
Is 32575702013 a prime number?
False
Is 90869333129 a prime number?
False
Is 30149731 a composite number?
False
Is 78396412609 composite?
False
Is 2272407671 prime?
False
Is 1807386023 composite?
True
Is 12431831 a composite number?
True
Is 787203817 a prime number?
False
Is 3964572301 a prime number?
True
Is 13917838421 a composite number?
False
Is 144172471 a composite number?
False
Is 2532341899 prime?
False
Is 21888388279 a composite number?
False
Is 8893579237 composite?
False
Is 41966812787 a composite number?
False
Is 3779418067 a composite number?
False
Is 5148761129 composite?
False
Is 4212778231 prime?
True
Is 17274474247 composite?
True
Is 591114863 prime?
True
Is 231708823139 a prime number?
True
Is 283439539 composite?
False
Is 3289705021 a prime number?
True
Is 427558027 a prime number?
False
Is 1555948327 a composite number?
False
Is 479839058 composite?
True
Is 2720211443 a composite number?
False
Is 6804219701 composite?
False
Is 4061261657 a composite number?
True
Is 267151249 a composite number?
True
Is 5356943563 prime?
True
Is 81689810227 prime?
True
Is 9075576547 prime?
True
Is 470498079 composite?
True
Is 3707553935 a prime number?
False
Is 2439773761 composite?
False
Is 1164924017 composite?
False
Is 324918749 composite?
False
Is 5304110907 a composite number?
True
Is 61413172397 composite?
True
Is 166030377041 prime?
True
Is 10754087291 a composite number?
False
Is 28348364953 composite?
True
Is 7038163 composite?
True
Is 501678263 composite?
False
Is 940132621 prime?
False
Is 1917661511 a composite number?
True
Is 18497501357 a composite number?
True
Is 27313113859 a prime number?
False
Is 4830109861 a composite number?
True
Is 428995059281 composite?
False
Is 257350418861 a composite number?
True
Is 21934283051 a prime number?
False
Is 35611949 prime?
True
Is 3072868345 composite?
True
Is 13927151471 composite?
True
Is 35052468082 a prime number?
False
Is 447107317 a prime number?
True
Is 43265637083 a prime number?
False
Is 1616287853 prime?
False
Is 994692005 prime?
False
Is 47848699237 prime?
False
Is 27739203959 a prime number?
False
Is 5424949903 a composite number?
False
Is 1839434647 a composite number?
False
Is 698553109 a prime number?
True
Is 38010892319 a prime number?
False
Is 1676954593 a prime number?
True
Is 2150394349 a composite number?
False
Is 19377962638 a prime number?
False
Is 1150542683 prime?
False
Is 990236027 a composite number?
True
Is 810288097 prime?
True
Is 7569151697 a prime number?
True
Is 4464865259 a composite number?
True
Is 11242420009 prime?
True
Is 101624908613 a composite number?
True
Is 3340917443 a prime number?
True
Is 195192547 composite?
True
Is 35040986149 prime?
False
Is 12878808559 composite?
True
Is 7906441 prime?
False
Is 16560238741 prime?
True
Is 871388267 a composite number?
False
Is 41791228879 a prime number?
True
Is 17319468167 prime?
True
Is 232418693357 a composite number?
False
Is 77149099 prime?
True
Is 24633373679 a composite number?
False
Is 17247605061 prime?
False
Is 5842854427 prime?
False
Is 4798969439 composite?
True
Is 18926714467 prime?
False
Is 3276356071 prime?
True
Is 24376412107 a prime number?
False
Is 5355972347 a composite number?
True
Is 2391706367 prime?
True
Is 6317058947 a prime number?
False
Is 3986304397 a compos